{"id":1785,"date":"2016-04-09T07:28:54","date_gmt":"2016-04-09T06:28:54","guid":{"rendered":"http:\/\/agkenergie.tn\/photovoltaique-tunisie\/?page_id=1785"},"modified":"2016-05-02T08:46:08","modified_gmt":"2016-05-02T07:46:08","slug":"qui-sommes-nous","status":"publish","type":"page","link":"https:\/\/www.agkenergie.tn\/photovoltaique-tunisie\/qui-sommes-nous\/","title":{"rendered":"Qui sommes-nous ?"},"content":{"rendered":"","protected":false},"excerpt":{"rendered":"","protected":false},"author":1,"featured_media":0,"parent":0,"menu_order":0,"comment_status":"closed","ping_status":"closed","template":"","meta":{"_mi_skip_tracking":false,"footnotes":""},"yoast_head":"<!-- This site is optimized with the Yoast SEO plugin v19.0 - https:\/\/yoast.com\/wordpress\/plugins\/seo\/ -->\n<title>AGK Energie Solution Photovolta\u00efque Tunisie<\/title>\n<meta name=\"description\" content=\"AGK Energie \u00e9tude, conception, vente et installation syst\u00e8mes photovolta\u00efques en Tunisie pour particulier et professionnel. Solution cl\u00e9 en main\" \/>\n<meta name=\"robots\" content=\"index, follow, max-snippet:-1, max-image-preview:large, max-video-preview:-1\" \/>\n<link rel=\"canonical\" href=\"https:\/\/www.agkenergie.tn\/photovoltaique-tunisie\/qui-sommes-nous\/\" \/>\n<meta property=\"og:locale\" content=\"fr_FR\" \/>\n<meta property=\"og:type\" content=\"article\" \/>\n<meta property=\"og:title\" content=\"AGK Energie Solution Photovolta\u00efque Tunisie\" \/>\n<meta property=\"og:description\" content=\"AGK Energie \u00e9tude, conception, vente et installation syst\u00e8mes photovolta\u00efques en Tunisie pour particulier et professionnel. Solution cl\u00e9 en main\" \/>\n<meta property=\"og:url\" content=\"https:\/\/www.agkenergie.tn\/photovoltaique-tunisie\/qui-sommes-nous\/\" \/>\n<meta property=\"og:site_name\" content=\"AGK Energie Photovolta\u00efque\" \/>\n<meta property=\"article:modified_time\" content=\"2016-05-02T07:46:08+00:00\" \/>\n<meta name=\"twitter:card\" content=\"summary\" \/>\n<script type=\"application\/ld+json\" class=\"yoast-schema-graph\">{\"@context\":\"https:\/\/schema.org\",\"@graph\":[{\"@type\":\"WebSite\",\"@id\":\"https:\/\/www.agkenergie.tn\/photovoltaique-tunisie\/#website\",\"url\":\"https:\/\/www.agkenergie.tn\/photovoltaique-tunisie\/\",\"name\":\"AGK Energie Photovolta\u00efque\",\"description\":\"\",\"potentialAction\":[{\"@type\":\"SearchAction\",\"target\":{\"@type\":\"EntryPoint\",\"urlTemplate\":\"https:\/\/www.agkenergie.tn\/photovoltaique-tunisie\/?s={search_term_string}\"},\"query-input\":\"required name=search_term_string\"}],\"inLanguage\":\"fr-FR\"},{\"@type\":\"WebPage\",\"@id\":\"https:\/\/www.agkenergie.tn\/photovoltaique-tunisie\/qui-sommes-nous\/#webpage\",\"url\":\"https:\/\/www.agkenergie.tn\/photovoltaique-tunisie\/qui-sommes-nous\/\",\"name\":\"AGK Energie Solution Photovolta\u00efque Tunisie\",\"isPartOf\":{\"@id\":\"https:\/\/www.agkenergie.tn\/photovoltaique-tunisie\/#website\"},\"datePublished\":\"2016-04-09T06:28:54+00:00\",\"dateModified\":\"2016-05-02T07:46:08+00:00\",\"description\":\"AGK Energie \u00e9tude, conception, vente et installation syst\u00e8mes photovolta\u00efques en Tunisie pour particulier et professionnel. Solution cl\u00e9 en main\",\"breadcrumb\":{\"@id\":\"https:\/\/www.agkenergie.tn\/photovoltaique-tunisie\/qui-sommes-nous\/#breadcrumb\"},\"inLanguage\":\"fr-FR\",\"potentialAction\":[{\"@type\":\"ReadAction\",\"target\":[\"https:\/\/www.agkenergie.tn\/photovoltaique-tunisie\/qui-sommes-nous\/\"]}]},{\"@type\":\"BreadcrumbList\",\"@id\":\"https:\/\/www.agkenergie.tn\/photovoltaique-tunisie\/qui-sommes-nous\/#breadcrumb\",\"itemListElement\":[{\"@type\":\"ListItem\",\"position\":1,\"name\":\"Accueil\",\"item\":\"https:\/\/www.agkenergie.tn\/photovoltaique-tunisie\/\"},{\"@type\":\"ListItem\",\"position\":2,\"name\":\"Qui sommes-nous ?\"}]}]}<\/script>\n<!-- \/ Yoast SEO plugin. -->","yoast_head_json":{"title":"AGK Energie Solution Photovolta\u00efque Tunisie","description":"AGK Energie \u00e9tude, conception, vente et installation syst\u00e8mes photovolta\u00efques en Tunisie pour particulier et professionnel. Solution cl\u00e9 en main","robots":{"index":"index","follow":"follow","max-snippet":"max-snippet:-1","max-image-preview":"max-image-preview:large","max-video-preview":"max-video-preview:-1"},"canonical":"https:\/\/www.agkenergie.tn\/photovoltaique-tunisie\/qui-sommes-nous\/","og_locale":"fr_FR","og_type":"article","og_title":"AGK Energie Solution Photovolta\u00efque Tunisie","og_description":"AGK Energie \u00e9tude, conception, vente et installation syst\u00e8mes photovolta\u00efques en Tunisie pour particulier et professionnel. Solution cl\u00e9 en main","og_url":"https:\/\/www.agkenergie.tn\/photovoltaique-tunisie\/qui-sommes-nous\/","og_site_name":"AGK Energie Photovolta\u00efque","article_modified_time":"2016-05-02T07:46:08+00:00","twitter_card":"summary","schema":{"@context":"https:\/\/schema.org","@graph":[{"@type":"WebSite","@id":"https:\/\/www.agkenergie.tn\/photovoltaique-tunisie\/#website","url":"https:\/\/www.agkenergie.tn\/photovoltaique-tunisie\/","name":"AGK Energie Photovolta\u00efque","description":"","potentialAction":[{"@type":"SearchAction","target":{"@type":"EntryPoint","urlTemplate":"https:\/\/www.agkenergie.tn\/photovoltaique-tunisie\/?s={search_term_string}"},"query-input":"required name=search_term_string"}],"inLanguage":"fr-FR"},{"@type":"WebPage","@id":"https:\/\/www.agkenergie.tn\/photovoltaique-tunisie\/qui-sommes-nous\/#webpage","url":"https:\/\/www.agkenergie.tn\/photovoltaique-tunisie\/qui-sommes-nous\/","name":"AGK Energie Solution Photovolta\u00efque Tunisie","isPartOf":{"@id":"https:\/\/www.agkenergie.tn\/photovoltaique-tunisie\/#website"},"datePublished":"2016-04-09T06:28:54+00:00","dateModified":"2016-05-02T07:46:08+00:00","description":"AGK Energie \u00e9tude, conception, vente et installation syst\u00e8mes photovolta\u00efques en Tunisie pour particulier et professionnel. Solution cl\u00e9 en main","breadcrumb":{"@id":"https:\/\/www.agkenergie.tn\/photovoltaique-tunisie\/qui-sommes-nous\/#breadcrumb"},"inLanguage":"fr-FR","potentialAction":[{"@type":"ReadAction","target":["https:\/\/www.agkenergie.tn\/photovoltaique-tunisie\/qui-sommes-nous\/"]}]},{"@type":"BreadcrumbList","@id":"https:\/\/www.agkenergie.tn\/photovoltaique-tunisie\/qui-sommes-nous\/#breadcrumb","itemListElement":[{"@type":"ListItem","position":1,"name":"Accueil","item":"https:\/\/www.agkenergie.tn\/photovoltaique-tunisie\/"},{"@type":"ListItem","position":2,"name":"Qui sommes-nous ?"}]}]}},"amp_enabled":true,"_links":{"self":[{"href":"https:\/\/www.agkenergie.tn\/photovoltaique-tunisie\/wp-json\/wp\/v2\/pages\/1785"}],"collection":[{"href":"https:\/\/www.agkenergie.tn\/photovoltaique-tunisie\/wp-json\/wp\/v2\/pages"}],"about":[{"href":"https:\/\/www.agkenergie.tn\/photovoltaique-tunisie\/wp-json\/wp\/v2\/types\/page"}],"author":[{"embeddable":true,"href":"https:\/\/www.agkenergie.tn\/photovoltaique-tunisie\/wp-json\/wp\/v2\/users\/1"}],"replies":[{"embeddable":true,"href":"https:\/\/www.agkenergie.tn\/photovoltaique-tunisie\/wp-json\/wp\/v2\/comments?post=1785"}],"version-history":[{"count":0,"href":"https:\/\/www.agkenergie.tn\/photovoltaique-tunisie\/wp-json\/wp\/v2\/pages\/1785\/revisions"}],"wp:attachment":[{"href":"https:\/\/www.agkenergie.tn\/photovoltaique-tunisie\/wp-json\/wp\/v2\/media?parent=1785"}],"curies":[{"name":"wp","href":"https:\/\/api.w.org\/{rel}","templated":true}]}}